{"id":9,"date":"2019-04-03T08:25:15","date_gmt":"2019-04-03T08:25:15","guid":{"rendered":"https:\/\/messerschmidt-cello.ch\/?page_id=9"},"modified":"2023-05-06T07:14:55","modified_gmt":"2023-05-06T07:14:55","slug":"ueber-mich","status":"publish","type":"page","link":"https:\/\/messerschmidt-cello.ch\/?page_id=9","title":{"rendered":"\u00fcber mich"},"content":{"rendered":"\n<ul class=\"wp-block-list\">\n<li>1971-1983 Cellounterricht an der Bezirksmusikschule &#8222;Georg Friedrich H\u00e4ndel&#8220; in Halle (Saale)<\/li>\n\n\n\n<li>1983-1988 Studium an der Hochschule f\u00fcr Musik &#8222;Hanns Eisler&#8220; Berlin bei Hans Lotz; Abschluss mit Diplom<\/li>\n\n\n\n<li>1988-1992 stellvertretende, sp\u00e4ter Solocellistin der Schweriner Philharmonie (Aufl\u00f6sung des Orchesters 1992)<\/li>\n\n\n\n<li>1991-1993 Studium an der Hochschule der K\u00fcnste Berlin bei Prof. Markus Nyikos; Abschluss mit Diplom <\/li>\n\n\n\n<li>1991 Beginn der Besch\u00e4ftigung mit dem Barockcello und der Konzertt\u00e4tigkeit mit dem Ensemble Musica Instrumentalis Schwerin <\/li>\n\n\n\n<li>1993-2000 Cellistin im Staatsorchester Frankfurt\/Oder<\/li>\n\n\n\n<li>seit 2000 Continuocellistin bei der Merseburger Hofmusik<\/li>\n\n\n\n<li>2000-2001 Ausbildung in Musikkinesiologie am Institut f\u00fcr angewandte Kinesiologie Freiburg<\/li>\n\n\n\n<li>2001 Solistin bei der Rundfunkproduktion (Erstaufnahme) des Violoncellokonzertes a-moll von Johann Wilhelm Hertel f\u00fcr den NDR Hamburg<\/li>\n\n\n\n<li>2003 Verlegung des Wohnsitzes in die Schweiz<\/li>\n\n\n\n<li>seit 2003 Zuz\u00fcgerin am Opernhaus Z\u00fcrich (f\u00fcr Barockopern bzw. \u2013konzerte)<\/li>\n\n\n\n<li>seit 2004 Zuz\u00fcgerin und seit 2008 Mitglied beim Capriccio Barockorchester<\/li>\n\n\n\n<li>seit 2008 Lehrerin f\u00fcr Violoncello <a href=\"http:\/\/www.musikschule-romanshorn.ch\">Musikschule Romanshorn <\/a> (fr\u00fcher: Musikkollegium Romanshorn)<\/li>\n\n\n\n<li>seit 2009 Mitwirkung im Orchester der J.S. Bach-Stiftung St. Gallen<\/li>\n\n\n\n<li>seit 2009 regelm\u00e4ssige Beteiligung an Kammerkonzerten der DomMusik St. Gallen und Stimmf\u00fchrerin im Collegium Instrumentale der DomMusik St. Gallen <\/li>\n\n\n\n<li>seit 2013 regelm\u00e4ssige Mitwirkung bei der Konzertreihe \u201eUnterwegs mit Mozart\u201c Baden<\/li>\n\n\n\n<li>seit 2013 regelm\u00e4ssige Mitwirkung bei der <a href=\"https:\/\/amsg.ch\/de\/alte-musik-stgallen\">Alten&nbsp;Musik St.Gallen<\/a> (auch als&nbsp;Solistin)<\/li>\n\n\n\n<li>2019 Solistin bei der CD-Produktion von Cellokonzerten von Johann Wilhelm Hertel f\u00fcr das Label cpo<\/li>\n\n\n\n<li>2019 Solistin im 396. Wartburgkonzert des Deutschlandfunks<\/li>\n\n\n\n<li>2020: CD-Produktion Fiocco-Lamentationen (mit Kimberly Brockman, Sopran und dem Collegium Instrumentale der DomMusik St. Gallen)<\/li>\n\n\n\n<li>2021: Erscheinen der 2019 aufgenommenen CD mit den Cellokonzerten von Johann Wilhelm Hertel (1727 &#8211; 1789) beim Label cpo<\/li>\n\n\n\n<li>2023 Erscheinen der CD &#8222;<strong>Samuel Scheidt: \u201eLiebliche Krafftbl\u00fcmlein\u201c<\/strong>\u00a0Sammlung von 12 Continuo-begleiteten Duetten, beim Label cpo (u.a. Solistin bei der Sonate D-Dur BuxWV 268 von Dietrich Buxtehude f\u00fcr Viola da Gamba und Continuo)<\/li>\n<\/ul>\n","protected":false},"excerpt":{"rendered":"","protected":false},"author":1,"featured_media":200,"parent":0,"menu_order":0,"comment_status":"closed","ping_status":"closed","template":"","meta":{"footnotes":""},"class_list":["post-9","page","type-page","status-publish","has-post-thumbnail","hentry"],"_links":{"self":[{"href":"https:\/\/messerschmidt-cello.ch\/index.php?rest_route=\/wp\/v2\/pages\/9","targetHints":{"allow":["GET"]}}],"collection":[{"href":"https:\/\/messerschmidt-cello.ch\/index.php?rest_route=\/wp\/v2\/pages"}],"about":[{"href":"https:\/\/messerschmidt-cello.ch\/index.php?rest_route=\/wp\/v2\/types\/page"}],"author":[{"embeddable":true,"href":"https:\/\/messerschmidt-cello.ch\/index.php?rest_route=\/wp\/v2\/users\/1"}],"replies":[{"embeddable":true,"href":"https:\/\/messerschmidt-cello.ch\/index.php?rest_route=%2Fwp%2Fv2%2Fcomments&post=9"}],"version-history":[{"count":13,"href":"https:\/\/messerschmidt-cello.ch\/index.php?rest_route=\/wp\/v2\/pages\/9\/revisions"}],"predecessor-version":[{"id":628,"href":"https:\/\/messerschmidt-cello.ch\/index.php?rest_route=\/wp\/v2\/pages\/9\/revisions\/628"}],"wp:featuredmedia":[{"embeddable":true,"href":"https:\/\/messerschmidt-cello.ch\/index.php?rest_route=\/wp\/v2\/media\/200"}],"wp:attachment":[{"href":"https:\/\/messerschmidt-cello.ch\/index.php?rest_route=%2Fwp%2Fv2%2Fmedia&parent=9"}],"curies":[{"name":"wp","href":"https:\/\/api.w.org\/{rel}","templated":true}]}}

über mich

<ul class="wp-block-list">
<li>1971-1983 Cellounterricht an der Bezirksmusikschule &#8222;Georg Friedrich Händel&#8220; in Halle (Saale)</li>



<li>1983-1988 Studium an der Hochschule für Musik &#8222;Hanns Eisler&#8220; Berlin bei Hans Lotz; Abschluss mit Diplom</li>



<li>1988-1992 stellvertretende, später Solocellistin der Schweriner Philharmonie (Auflösung des Orchesters 1992)</li>



<li>1991-1993 Studium an der Hochschule der Künste Berlin bei Prof. Markus Nyikos; Abschluss mit Diplom </li>



<li>1991 Beginn der Beschäftigung mit dem Barockcello und der Konzerttätigkeit mit dem Ensemble Musica Instrumentalis Schwerin </li>



<li>1993-2000 Cellistin im Staatsorchester Frankfurt/Oder</li>



<li>seit 2000 Continuocellistin bei der Merseburger Hofmusik</li>



<li>2000-2001 Ausbildung in Musikkinesiologie am Institut für angewandte Kinesiologie Freiburg</li>



<li>2001 Solistin bei der Rundfunkproduktion (Erstaufnahme) des Violoncellokonzertes a-moll von Johann Wilhelm Hertel für den NDR Hamburg</li>



<li>2003 Verlegung des Wohnsitzes in die Schweiz</li>



<li>seit 2003 Zuzügerin am Opernhaus Zürich (für Barockopern bzw. –konzerte)</li>



<li>seit 2004 Zuzügerin und seit 2008 Mitglied beim Capriccio Barockorchester</li>



<li>seit 2008 Lehrerin für Violoncello <a href="http://www.musikschule-romanshorn.ch">Musikschule Romanshorn </a> (früher: Musikkollegium Romanshorn)</li>



<li>seit 2009 Mitwirkung im Orchester der J.S. Bach-Stiftung St. Gallen</li>



<li>seit 2009 regelmässige Beteiligung an Kammerkonzerten der DomMusik St. Gallen und Stimmführerin im Collegium Instrumentale der DomMusik St. Gallen </li>



<li>seit 2013 regelmässige Mitwirkung bei der Konzertreihe „Unterwegs mit Mozart“ Baden</li>



<li>seit 2013 regelmässige Mitwirkung bei der <a href="https://amsg.ch/de/alte-musik-stgallen">Alten&nbsp;Musik St.Gallen</a> (auch als&nbsp;Solistin)</li>



<li>2019 Solistin bei der CD-Produktion von Cellokonzerten von Johann Wilhelm Hertel für das Label cpo</li>



<li>2019 Solistin im 396. Wartburgkonzert des Deutschlandfunks</li>



<li>2020: CD-Produktion Fiocco-Lamentationen (mit Kimberly Brockman, Sopran und dem Collegium Instrumentale der DomMusik St. Gallen)</li>



<li>2021: Erscheinen der 2019 aufgenommenen CD mit den Cellokonzerten von Johann Wilhelm Hertel (1727 &#8211; 1789) beim Label cpo</li>



<li>2023 Erscheinen der CD &#8222;<strong>Samuel Scheidt: „Liebliche Krafftblümlein“</strong> Sammlung von 12 Continuo-begleiteten Duetten, beim Label cpo (u.a. Solistin bei der Sonate D-Dur BuxWV 268 von Dietrich Buxtehude für Viola da Gamba und Continuo)</li>
</ul>
