{"id":8,"date":"2019-04-03T08:25:15","date_gmt":"2019-04-03T08:25:15","guid":{"rendered":"https:\/\/messerschmidt-cello.ch\/?page_id=8"},"modified":"2023-05-09T08:43:22","modified_gmt":"2023-05-09T08:43:22","slug":"startseite","status":"publish","type":"page","link":"https:\/\/messerschmidt-cello.ch\/","title":{"rendered":"home"},"content":{"rendered":"\n<p><strong>\u201eDie lieblichen Krafft-Bl\u00fcmlein\u201c sind da!<\/strong><\/p>\n\n\n\n<figure class=\"wp-block-image size-full is-resized\"><img loading=\"lazy\" decoding=\"async\" src=\"https:\/\/messerschmidt-cello.ch\/wp-content\/uploads\/2023\/03\/cd_krafftbluemelein.jpg\" alt=\"\" class=\"wp-image-524\" width=\"300\" height=\"300\"\/><figcaption class=\"wp-element-caption\"><strong>Samuel Scheidt: \u201eLiebliche Krafftbl\u00fcmlein\u201c<\/strong>&nbsp;<br>Sammlung von 12 Continuo-begleiteten Duetten,&nbsp;<br>Johann Hieronymus Kapsberger: aus den \u201eLibri d\u2019intavolatura di Chitarrone&#8220;<br>Dietrich Buxtehude: Sonate D-Dur BuxWV 268 f\u00fcr Viola da Gamba und Continuo&nbsp;<br>&nbsp;<br>Marie Luise Werneburg (Sopran), Daniel Johannsen (Tenor), Collegium Instrumentale der DomMusik St.Gallen: Andrea Cordula Baur (Chitarrone), Bettina Messerschmidt (Violoncello und Violoncello piccolo), Michael Wersin (Orgel und&nbsp;Leitung)<\/figcaption><\/figure>\n\n\n\n<hr class=\"wp-block-separator has-alpha-channel-opacity\"\/>\n\n\n\n<figure class=\"wp-block-image size-full\"><img loading=\"lazy\" decoding=\"async\" width=\"300\" height=\"297\" src=\"https:\/\/messerschmidt-cello.ch\/wp-content\/uploads\/2021\/02\/cd_11_hertel.jpg\" alt=\"\" class=\"wp-image-426\" srcset=\"https:\/\/messerschmidt-cello.ch\/wp-content\/uploads\/2021\/02\/cd_11_hertel.jpg 300w, https:\/\/messerschmidt-cello.ch\/wp-content\/uploads\/2021\/02\/cd_11_hertel-150x150.jpg 150w, https:\/\/messerschmidt-cello.ch\/wp-content\/uploads\/2021\/02\/cd_11_hertel-100x100.jpg 100w\" sizes=\"auto, (max-width: 300px) 100vw, 300px\" \/><figcaption class=\"wp-element-caption\"><strong>Johann Wilhelm Hertel: Cellokonzerte A-Dur und a-Moll, <\/strong><br><strong>Orgelkonzert G-Dur, Sinfonien <br><\/strong>Bettina Messerschmidt, Violoncello   <br>Merseburger Hofmusik, auf Instrumenten historischer Mensur <br>Michael Sch\u00f6nheit, Orgel und Leitung<\/figcaption><\/figure>\n\n\n\n<p><a href=\"https:\/\/messerschmidt-cello.ch\/?page_id=41\">mehr&#8230;<\/a><\/p>\n\n\n\n<hr class=\"wp-block-separator has-alpha-channel-opacity\"\/>\n\n\n\n<p><strong>Klangfarben<\/strong> &#8211; farbige Kl\u00e4nge: darum geht es Bettina Messerschmidt vor allem in ihrer vielf\u00e4ltigen Besch\u00e4ftigung mit dem Cello. Bei der m\u00f6glichst authentischen Interpretation der Werke ist ihr die Verwendung des passenden Instrumentariums einschliesslich der B\u00f6gen ein Bed\u00fcrfnis. Sie spielt ihre Konzerte auf dem Cello, Barockcello oder Violoncello piccolo und h\u00e4lt ihre B\u00f6gen (Fr\u00fchbarock-, Barock- und Klassikb\u00f6gen von <a href=\"http:\/\/www.bows-viols.de\">Hans Reiners<\/a>) je nach Entstehungszeit des Werkes auch im franz\u00f6sischen oder italienischen Untergriff. <\/p>\n\n\n\n<p>Farbigkeit und Lebendigkeit sind auch wichtige\nBausteine des Instrumentalunterrichts, f\u00fcr den Bettina Messerschmidt entscheidende\nAnregungen in ihrer Musikkinesiologieausbildung erhielt. <\/p>\n\n\n\n<p>In ihrer heutigen Berufspraxis kann\nBettina Messerschmidt auf eine langj\u00e4hrige Erfahrung als Orchestermusikerin\nzur\u00fcckgreifen. So spielte sie in deutschen Sinfonieorchestern (Solocellistin\nder Schweriner Philharmonie, Cellistin im Staatsorchester Frankfurt\/Oder) und\nseit 2000 vor allem als Barockcellistin in verschiedenen Ensembles in\nDeutschland und der Schweiz.<\/p>\n\n\n\n<p>Auch als Solistin hat sich Bettina Messerschmidt einen Namen gemacht. So trat sie als Solistin auf bei der ersten Wiederauff\u00fchrung der Cellokonzerte von Johann Wilhelm Hertel (1727-1789) und Carl August Friedrich Westenholtz (1736-1789) mit dem Ensemble Mecklenburgisches Barockorchester \u201eHerzogliche Hofkapelle\u201c bei den Festspielen Mecklenburg\/Vorpommern. Eine CD-Produktion mit den beiden aufgef\u00fchrten Cellokonzerten von Johann Wilhelm Hertel wurde 2019 mit der <a href=\"https:\/\/www.merseburger-orgeltage.de\/index.php\/merseburger-hofmusik.html\">Merseburger Hofmusik<\/a> realisiert. \u00dcber die Mitgliedschaft in diesem Ensemble ist die Cellistin ihrer mitteldeutschen Heimat (Geburtsort Halle\/Saale) nach wie vor verbunden.&nbsp;<\/p>\n\n\n\n<p>Heute lebt Bettina Messerschmidt in Basel (Schweiz), wo sie als Barockcellistin und Cellop\u00e4dagogin ein breites T\u00e4tigkeitsgebiet abdeckt. So spielt sie in Ensembles wie <a href=\"https:\/\/www.bachstiftung.ch\/?gclid=EAIaIQobChMIzoKL3o-G_gIV0AeLCh1yBwwTEAAYASAAEgKFdvD_BwE\">J.S. Bach-Stiftung<\/a>, <a href=\"https:\/\/www.capriccio-barock.ch\/\">Capriccio Barockorchester<\/a>, <a href=\"https:\/\/www.dommusik.ch\/\">DomMusik St.Gallen<\/a>, <a href=\"https:\/\/www.merseburger-orgeltage.de\/merseburger-hofmusik.html\">Merseburger Hofmusik<\/a> &nbsp;u.a. &nbsp;<\/p>\n\n\n\n<p>Zunehmend gewinnt die Kammermusik f\u00fcr Bettina Messerschmidt  an Bedeutung. Seit 2009 spielt sie regelm\u00e4ssig in der Barockkonzertreihe der <a href=\"http:\/\/www.dommusik-sg.ch\">DomMusik St. Gallen<\/a> und seit 2013 in der Konzertreihe  \u201e<a href=\"http:\/\/www.unterwegsmitmozart.ch\">Unterwegs mit Mozart<\/a>&#8220; in Baden. Bei der <a href=\"https:\/\/amsg.ch\/de\/alte-musik-stgallen\" data-type=\"URL\" data-id=\"https:\/\/amsg.ch\/de\/alte-musik-stgallen\">Alten Musik St. Gallen<\/a> ist sie regelm\u00e4ssig zu Gast<\/p>\n\n\n\n<p>Im Juli 2019 war Bettina Messerschmidt im&nbsp;<a href=\"https:\/\/www.wartburg.de\/de\/veranstaltungen\/veranstaltungsplan\/veranstaltungsdetails\/id-396-wartburgkonzert.html\">396. Wartburgkonzert des Deutschlandfunks<\/a>&nbsp;mit den beiden Cellokonzerten von Johann Wilhelm Hertel (1727-1789) zu h\u00f6ren. &nbsp;<\/p>\n\n\n\n<p>Die oben erw\u00e4hnte CD mit den Cellokonzerten sowie dem Orgelkonzert und zwei Sinfonien von Johann Wilhelm Hertel ist im Januar 2021 beim Label cpo erschienen. Ausschnitte daraus finden Sie unter <a href=\"https:\/\/messerschmidt-cello.ch\/?page_id=43\">Audio<\/a>. <\/p>\n\n\n\n<p>Im M\u00e4rz 2023 erschien beim Label cpo die CD &#8222;<strong><a href=\"https:\/\/www.jpc.de\/jpcng\/cpo\/detail\/-\/art\/samuel-scheidt-liebliche-krafft-bluemlein\/hnum\/11163979\">Samuel Scheidt: \u201eLiebliche Krafftbl\u00fcmlein<\/a>\u201c<\/strong>\u00a0Sammlung von 12 Continuo-begleiteten Duetten, siehe oben. Hier \u00fcbernimmt Bettina Messerschmidt neben dem Continuo auch den Solopart der Viola da Gamba bei der Interpretation der Sonate D-Dur BuxWV 268 f\u00fcr Viola da Gamba und Continuo von Dietrich Buxtehude (auf dem Piccolo-Cello).<\/p>\n","protected":false},"excerpt":{"rendered":"<p>\u201eDie lieblichen Krafft-Bl\u00fcmlein\u201c sind da! mehr&#8230; Klangfarben &#8211; farbige Kl\u00e4nge: darum geht es Bettina Messerschmidt vor allem in ihrer vielf\u00e4ltigen Besch\u00e4ftigung mit dem Cello. Bei der m\u00f6glichst authentischen Interpretation der Werke ist ihr die Verwendung des passenden Instrumentariums einschliesslich der B\u00f6gen ein Bed\u00fcrfnis. Sie spielt ihre Konzerte auf dem Cello, Barockcello oder Violoncello piccolo und &hellip; <\/p>\n<p class=\"link-more\"><a href=\"https:\/\/messerschmidt-cello.ch\/\" class=\"more-link\"><span class=\"screen-reader-text\">\u201ehome\u201c <\/span>weiterlesen<\/a><\/p>\n","protected":false},"author":1,"featured_media":209,"parent":0,"menu_order":0,"comment_status":"closed","ping_status":"closed","template":"","meta":{"footnotes":""},"class_list":["post-8","page","type-page","status-publish","has-post-thumbnail","hentry"],"_links":{"self":[{"href":"https:\/\/messerschmidt-cello.ch\/index.php?rest_route=\/wp\/v2\/pages\/8","targetHints":{"allow":["GET"]}}],"collection":[{"href":"https:\/\/messerschmidt-cello.ch\/index.php?rest_route=\/wp\/v2\/pages"}],"about":[{"href":"https:\/\/messerschmidt-cello.ch\/index.php?rest_route=\/wp\/v2\/types\/page"}],"author":[{"embeddable":true,"href":"https:\/\/messerschmidt-cello.ch\/index.php?rest_route=\/wp\/v2\/users\/1"}],"replies":[{"embeddable":true,"href":"https:\/\/messerschmidt-cello.ch\/index.php?rest_route=%2Fwp%2Fv2%2Fcomments&post=8"}],"version-history":[{"count":31,"href":"https:\/\/messerschmidt-cello.ch\/index.php?rest_route=\/wp\/v2\/pages\/8\/revisions"}],"predecessor-version":[{"id":636,"href":"https:\/\/messerschmidt-cello.ch\/index.php?rest_route=\/wp\/v2\/pages\/8\/revisions\/636"}],"wp:featuredmedia":[{"embeddable":true,"href":"https:\/\/messerschmidt-cello.ch\/index.php?rest_route=\/wp\/v2\/media\/209"}],"wp:attachment":[{"href":"https:\/\/messerschmidt-cello.ch\/index.php?rest_route=%2Fwp%2Fv2%2Fmedia&parent=8"}],"curies":[{"name":"wp","href":"https:\/\/api.w.org\/{rel}","templated":true}]}}

<p><strong>„Die lieblichen Krafft-Blümlein“ sind da!</strong></p>



<figure class="wp-block-image size-full is-resized"><img loading="lazy" decoding="async" src="https://messerschmidt-cello.ch/wp-content/uploads/2023/03/cd_krafftbluemelein.jpg" alt="" class="wp-image-524" width="300" height="300"/><figcaption class="wp-element-caption"><strong>Samuel Scheidt: „Liebliche Krafftblümlein“</strong>&nbsp;<br>Sammlung von 12 Continuo-begleiteten Duetten,&nbsp;<br>Johann Hieronymus Kapsberger: aus den „Libri d’intavolatura di Chitarrone&#8220;<br>Dietrich Buxtehude: Sonate D-Dur BuxWV 268 für Viola da Gamba und Continuo&nbsp;<br>&nbsp;<br>Marie Luise Werneburg (Sopran), Daniel Johannsen (Tenor), Collegium Instrumentale der DomMusik St.Gallen: Andrea Cordula Baur (Chitarrone), Bettina Messerschmidt (Violoncello und Violoncello piccolo), Michael Wersin (Orgel und&nbsp;Leitung)</figcaption></figure>



<hr class="wp-block-separator has-alpha-channel-opacity"/>



<figure class="wp-block-image size-full"><img loading="lazy" decoding="async" width="300" height="297" src="https://messerschmidt-cello.ch/wp-content/uploads/2021/02/cd_11_hertel.jpg" alt="" class="wp-image-426" srcset="https://messerschmidt-cello.ch/wp-content/uploads/2021/02/cd_11_hertel.jpg 300w, https://messerschmidt-cello.ch/wp-content/uploads/2021/02/cd_11_hertel-150x150.jpg 150w, https://messerschmidt-cello.ch/wp-content/uploads/2021/02/cd_11_hertel-100x100.jpg 100w" sizes="auto, (max-width: 300px) 100vw, 300px" /><figcaption class="wp-element-caption"><strong>Johann Wilhelm Hertel: Cellokonzerte A-Dur und a-Moll, </strong><br><strong>Orgelkonzert G-Dur, Sinfonien <br></strong>Bettina Messerschmidt, Violoncello   <br>Merseburger Hofmusik, auf Instrumenten historischer Mensur <br>Michael Schönheit, Orgel und Leitung</figcaption></figure>



<p><a href="https://messerschmidt-cello.ch/?page_id=41">mehr&#8230;</a></p>



<hr class="wp-block-separator has-alpha-channel-opacity"/>



<p><strong>Klangfarben</strong> &#8211; farbige Klänge: darum geht es Bettina Messerschmidt vor allem in ihrer vielfältigen Beschäftigung mit dem Cello. Bei der möglichst authentischen Interpretation der Werke ist ihr die Verwendung des passenden Instrumentariums einschliesslich der Bögen ein Bedürfnis. Sie spielt ihre Konzerte auf dem Cello, Barockcello oder Violoncello piccolo und hält ihre Bögen (Frühbarock-, Barock- und Klassikbögen von <a href="http://www.bows-viols.de">Hans Reiners</a>) je nach Entstehungszeit des Werkes auch im französischen oder italienischen Untergriff. </p>



<p>Farbigkeit und Lebendigkeit sind auch wichtige
Bausteine des Instrumentalunterrichts, für den Bettina Messerschmidt entscheidende
Anregungen in ihrer Musikkinesiologieausbildung erhielt. </p>



<p>In ihrer heutigen Berufspraxis kann
Bettina Messerschmidt auf eine langjährige Erfahrung als Orchestermusikerin
zurückgreifen. So spielte sie in deutschen Sinfonieorchestern (Solocellistin
der Schweriner Philharmonie, Cellistin im Staatsorchester Frankfurt/Oder) und
seit 2000 vor allem als Barockcellistin in verschiedenen Ensembles in
Deutschland und der Schweiz.</p>



<p>Auch als Solistin hat sich Bettina Messerschmidt einen Namen gemacht. So trat sie als Solistin auf bei der ersten Wiederaufführung der Cellokonzerte von Johann Wilhelm Hertel (1727-1789) und Carl August Friedrich Westenholtz (1736-1789) mit dem Ensemble Mecklenburgisches Barockorchester „Herzogliche Hofkapelle“ bei den Festspielen Mecklenburg/Vorpommern. Eine CD-Produktion mit den beiden aufgeführten Cellokonzerten von Johann Wilhelm Hertel wurde 2019 mit der <a href="https://www.merseburger-orgeltage.de/index.php/merseburger-hofmusik.html">Merseburger Hofmusik</a> realisiert. Über die Mitgliedschaft in diesem Ensemble ist die Cellistin ihrer mitteldeutschen Heimat (Geburtsort Halle/Saale) nach wie vor verbunden.&nbsp;</p>



<p>Heute lebt Bettina Messerschmidt in Basel (Schweiz), wo sie als Barockcellistin und Cellopädagogin ein breites Tätigkeitsgebiet abdeckt. So spielt sie in Ensembles wie <a href="https://www.bachstiftung.ch/?gclid=EAIaIQobChMIzoKL3o-G_gIV0AeLCh1yBwwTEAAYASAAEgKFdvD_BwE">J.S. Bach-Stiftung</a>, <a href="https://www.capriccio-barock.ch/">Capriccio Barockorchester</a>, <a href="https://www.dommusik.ch/">DomMusik St.Gallen</a>, <a href="https://www.merseburger-orgeltage.de/merseburger-hofmusik.html">Merseburger Hofmusik</a> &nbsp;u.a. &nbsp;</p>



<p>Zunehmend gewinnt die Kammermusik für Bettina Messerschmidt  an Bedeutung. Seit 2009 spielt sie regelmässig in der Barockkonzertreihe der <a href="http://www.dommusik-sg.ch">DomMusik St. Gallen</a> und seit 2013 in der Konzertreihe  „<a href="http://www.unterwegsmitmozart.ch">Unterwegs mit Mozart</a>&#8220; in Baden. Bei der <a href="https://amsg.ch/de/alte-musik-stgallen" data-type="URL" data-id="https://amsg.ch/de/alte-musik-stgallen">Alten Musik St. Gallen</a> ist sie regelmässig zu Gast</p>



<p>Im Juli 2019 war Bettina Messerschmidt im&nbsp;<a href="https://www.wartburg.de/de/veranstaltungen/veranstaltungsplan/veranstaltungsdetails/id-396-wartburgkonzert.html">396. Wartburgkonzert des Deutschlandfunks</a>&nbsp;mit den beiden Cellokonzerten von Johann Wilhelm Hertel (1727-1789) zu hören. &nbsp;</p>



<p>Die oben erwähnte CD mit den Cellokonzerten sowie dem Orgelkonzert und zwei Sinfonien von Johann Wilhelm Hertel ist im Januar 2021 beim Label cpo erschienen. Ausschnitte daraus finden Sie unter <a href="https://messerschmidt-cello.ch/?page_id=43">Audio</a>. </p>



<p>Im März 2023 erschien beim Label cpo die CD &#8222;<strong><a href="https://www.jpc.de/jpcng/cpo/detail/-/art/samuel-scheidt-liebliche-krafft-bluemlein/hnum/11163979">Samuel Scheidt: „Liebliche Krafftblümlein</a>“</strong> Sammlung von 12 Continuo-begleiteten Duetten, siehe oben. Hier übernimmt Bettina Messerschmidt neben dem Continuo auch den Solopart der Viola da Gamba bei der Interpretation der Sonate D-Dur BuxWV 268 für Viola da Gamba und Continuo von Dietrich Buxtehude (auf dem Piccolo-Cello).</p>

<p>„Die lieblichen Krafft-Blümlein“ sind da! mehr&#8230; Klangfarben &#8211; farbige Klänge: darum geht es Bettina Messerschmidt vor allem in ihrer vielfältigen Beschäftigung mit dem Cello. Bei der möglichst authentischen Interpretation der Werke ist ihr die Verwendung des passenden Instrumentariums einschliesslich der Bögen ein Bedürfnis. Sie spielt ihre Konzerte auf dem Cello, Barockcello oder Violoncello piccolo und &hellip; </p>
<p class="link-more"><a href="https://messerschmidt-cello.ch/" class="more-link"><span class="screen-reader-text">„home“ </span>weiterlesen</a></p>
