{"id":212,"date":"2019-04-29T08:15:26","date_gmt":"2019-04-29T08:15:26","guid":{"rendered":"https:\/\/messerschmidt-cello.ch\/?page_id=212"},"modified":"2023-05-02T16:39:39","modified_gmt":"2023-05-02T16:39:39","slug":"engagements","status":"publish","type":"page","link":"https:\/\/messerschmidt-cello.ch\/?page_id=212","title":{"rendered":"engagements"},"content":{"rendered":"\n<p><strong>Kammerkonzerte, Soloabende, Orchesterprojekte, Ausstellungser\u00f6ffnungen<\/strong><\/p>\n\n\n\n<ul class=\"wp-block-list\">\n<li>1988 &#8211; 1992 stellvertretende, sp\u00e4ter Solocellistin der Schweriner Philharmonie <\/li>\n\n\n\n<li>seit 1991 Mitglied des Barockensembles Musica Instrumentalis Schwerin (Leitung Stefan Fischer)<\/li>\n\n\n\n<li>1993 &#8211; 2000 Cellistin im Staatsorchester Frankfurt\/Oder<\/li>\n\n\n\n<li>2000 &#8211; 2004 freischaffende Cellistin in Berlin (Continuocellistin der Merseburger Hofmusik, bei Musica Instrumentalis Schwerin, beim Mecklenburgischen Barockorchester Herzogliche HofKapelle, u.a)<\/li>\n\n\n\n<li>2001: Produktion des Cellokonzertes von Johann Wilhelm Hertel f\u00fcr den NDR Hamburg (mit Musica Instrumentalis Schwerin)<\/li>\n\n\n\n<li>2003-2018 Mitwirkung an zahlreichen Produktionen von Barockopern am Opernhaus Z\u00fcrich als Zuz\u00fcgerin (Leitung u.a. Nikolaus Harnoncourt, William Christie, Marc Minkowski und Christopher Hogwood)<\/li>\n\n\n\n<li>in den Spielzeiten 2004\/2005 und 2005\/2006 Mitwirkung am Buxtehude-Zyklus des Gewandhauses Leipzig (mit der Merseburger Hofmusik, Leitung: Michael Sch\u00f6nheit)<\/li>\n\n\n\n<li>seit 2004&nbsp;Mitwirkung im Capriccio Barockorchester, seit&nbsp; 2008 festes Mitglied (Leitung: Dominik Kiefer)<\/li>\n\n\n\n<li> seit 2009 Mitwirkung im Orchester der J.S. Bach-Stiftung (Leitung Rudolf Lutz); Zyklus \u201eWort &amp; Klang\u201c 2009, 2011, 2013 und 2015; Konzerte und CD-Produktion der H-Moll-Messe 2016; Kantaten <\/li>\n\n\n\n<li>seit 2009 Mitwirkung in den Barockkonzerten der DomMusik St.Gallen (Leitung Michael Wersin) und im Collegium Instrumentale&nbsp; der DomMusik St. Gallen (Leitung seit 2017: Domkapellmeister Andreas Gut)<\/li>\n\n\n\n<li>seit 2013 Cellistin der Konzertreihe \u201eUnterwegs mit Mozart\u201c Baden (Initiantin: Antje Maria Traub, Hammerfl\u00fcgel)<\/li>\n\n\n\n<li>seit 2013 regelm\u00e4ssige Mitwirkung bei der Alten&nbsp;Musik St. Gallen (auch als&nbsp;Solistin)<\/li>\n\n\n\n<li>2018 Mitwirkung an Konzerten des Z\u00fcrcher Barockorchesters (Leitung: Renate Steinmann und Monika Baer) <\/li>\n\n\n\n<li>2019 Solistin im 396. Wartburgkonzert der Deutschlandfunks  <\/li>\n\n\n\n<li>2020 CD-Produktion \u201eLamentations\u201c (Lamentationen von J. H. Fiocco und S\u00e4tze aus Vivaldi-Cello-Sonaten; Kimberly Brockman, Sopran; Collegium Instrumentale der DomMusik St. Gallen, Leitung Michael Wersin)<\/li>\n\n\n\n<li>CD-Produktion der Cellokonzerte von Johann Wilhelm Hertel (1727-1789) f\u00fcr das Label cpo  <\/li>\n\n\n\n<li>&#8222;2022 CD-Produktion&nbsp;<strong><a href=\"https:\/\/www.dommusik.ch\/shop\/\">Samuel Scheidt: \u201eLiebliche Krafftbl\u00fcmlein<\/a>\u201c<\/strong>&nbsp;Sammlung von 12 Continuo-begleiteten Duetten mit der DomMusik St.Gallen f\u00fcr das &nbsp;Label cpo und die DomMusik St.Gallen (u.a. Solistin bei der Sonate D-Dur BuxWV 268 von Dietrich Buxtehude f\u00fcr Viola da Gamba und Continuo), erschienen im M\u00e4rz 2023&#8243;<\/li>\n\n\n\n<li>November 2023 Cellistin beim Konzert und der Aufnahme des Actus tragicus BWV 106 mit der J.S. Bach-Stiftung<\/li>\n<\/ul>\n\n\n<p><!--EndFragment--><\/p>\n\n\n<p><\/p>\n","protected":false},"excerpt":{"rendered":"<p>Kammerkonzerte, Soloabende, Orchesterprojekte, Ausstellungser\u00f6ffnungen<\/p>\n","protected":false},"author":1,"featured_media":216,"parent":0,"menu_order":0,"comment_status":"closed","ping_status":"closed","template":"","meta":{"footnotes":""},"class_list":["post-212","page","type-page","status-publish","has-post-thumbnail","hentry"],"_links":{"self":[{"href":"https:\/\/messerschmidt-cello.ch\/index.php?rest_route=\/wp\/v2\/pages\/212","targetHints":{"allow":["GET"]}}],"collection":[{"href":"https:\/\/messerschmidt-cello.ch\/index.php?rest_route=\/wp\/v2\/pages"}],"about":[{"href":"https:\/\/messerschmidt-cello.ch\/index.php?rest_route=\/wp\/v2\/types\/page"}],"author":[{"embeddable":true,"href":"https:\/\/messerschmidt-cello.ch\/index.php?rest_route=\/wp\/v2\/users\/1"}],"replies":[{"embeddable":true,"href":"https:\/\/messerschmidt-cello.ch\/index.php?rest_route=%2Fwp%2Fv2%2Fcomments&post=212"}],"version-history":[{"count":15,"href":"https:\/\/messerschmidt-cello.ch\/index.php?rest_route=\/wp\/v2\/pages\/212\/revisions"}],"predecessor-version":[{"id":614,"href":"https:\/\/messerschmidt-cello.ch\/index.php?rest_route=\/wp\/v2\/pages\/212\/revisions\/614"}],"wp:featuredmedia":[{"embeddable":true,"href":"https:\/\/messerschmidt-cello.ch\/index.php?rest_route=\/wp\/v2\/media\/216"}],"wp:attachment":[{"href":"https:\/\/messerschmidt-cello.ch\/index.php?rest_route=%2Fwp%2Fv2%2Fmedia&parent=212"}],"curies":[{"name":"wp","href":"https:\/\/api.w.org\/{rel}","templated":true}]}}

<p><strong>Kammerkonzerte, Soloabende, Orchesterprojekte, Ausstellungseröffnungen</strong></p>



<ul class="wp-block-list">
<li>1988 &#8211; 1992 stellvertretende, später Solocellistin der Schweriner Philharmonie </li>



<li>seit 1991 Mitglied des Barockensembles Musica Instrumentalis Schwerin (Leitung Stefan Fischer)</li>



<li>1993 &#8211; 2000 Cellistin im Staatsorchester Frankfurt/Oder</li>



<li>2000 &#8211; 2004 freischaffende Cellistin in Berlin (Continuocellistin der Merseburger Hofmusik, bei Musica Instrumentalis Schwerin, beim Mecklenburgischen Barockorchester Herzogliche HofKapelle, u.a)</li>



<li>2001: Produktion des Cellokonzertes von Johann Wilhelm Hertel für den NDR Hamburg (mit Musica Instrumentalis Schwerin)</li>



<li>2003-2018 Mitwirkung an zahlreichen Produktionen von Barockopern am Opernhaus Zürich als Zuzügerin (Leitung u.a. Nikolaus Harnoncourt, William Christie, Marc Minkowski und Christopher Hogwood)</li>



<li>in den Spielzeiten 2004/2005 und 2005/2006 Mitwirkung am Buxtehude-Zyklus des Gewandhauses Leipzig (mit der Merseburger Hofmusik, Leitung: Michael Schönheit)</li>



<li>seit 2004&nbsp;Mitwirkung im Capriccio Barockorchester, seit&nbsp; 2008 festes Mitglied (Leitung: Dominik Kiefer)</li>



<li> seit 2009 Mitwirkung im Orchester der J.S. Bach-Stiftung (Leitung Rudolf Lutz); Zyklus „Wort &amp; Klang“ 2009, 2011, 2013 und 2015; Konzerte und CD-Produktion der H-Moll-Messe 2016; Kantaten </li>



<li>seit 2009 Mitwirkung in den Barockkonzerten der DomMusik St.Gallen (Leitung Michael Wersin) und im Collegium Instrumentale&nbsp; der DomMusik St. Gallen (Leitung seit 2017: Domkapellmeister Andreas Gut)</li>



<li>seit 2013 Cellistin der Konzertreihe „Unterwegs mit Mozart“ Baden (Initiantin: Antje Maria Traub, Hammerflügel)</li>



<li>seit 2013 regelmässige Mitwirkung bei der Alten&nbsp;Musik St. Gallen (auch als&nbsp;Solistin)</li>



<li>2018 Mitwirkung an Konzerten des Zürcher Barockorchesters (Leitung: Renate Steinmann und Monika Baer) </li>



<li>2019 Solistin im 396. Wartburgkonzert der Deutschlandfunks  </li>



<li>2020 CD-Produktion „Lamentations“ (Lamentationen von J. H. Fiocco und Sätze aus Vivaldi-Cello-Sonaten; Kimberly Brockman, Sopran; Collegium Instrumentale der DomMusik St. Gallen, Leitung Michael Wersin)</li>



<li>CD-Produktion der Cellokonzerte von Johann Wilhelm Hertel (1727-1789) für das Label cpo  </li>



<li>&#8222;2022 CD-Produktion&nbsp;<strong><a href="https://www.dommusik.ch/shop/">Samuel Scheidt: „Liebliche Krafftblümlein</a>“</strong>&nbsp;Sammlung von 12 Continuo-begleiteten Duetten mit der DomMusik St.Gallen für das &nbsp;Label cpo und die DomMusik St.Gallen (u.a. Solistin bei der Sonate D-Dur BuxWV 268 von Dietrich Buxtehude für Viola da Gamba und Continuo), erschienen im März 2023&#8243;</li>



<li>November 2023 Cellistin beim Konzert und der Aufnahme des Actus tragicus BWV 106 mit der J.S. Bach-Stiftung</li>
</ul>


<p><!--EndFragment--></p>


<p></p>

<p>Kammerkonzerte, Soloabende, Orchesterprojekte, Ausstellungseröffnungen</p>
